125704 a multiple of 17?
True
Does 279 divide 375258757?
False
Is 874716263 a multiple of 1534?
False
Does 431 divide 56274518?
False
Is 23 a factor of 4151868?
True
Is 2592668743 a multiple of 1723?
True
Does 2068 divide 75928688?
True
Is 1708952999 a multiple of 559?
True
Does 46 divide 146519062?
True
Does 4148 divide 1942222188?
True
Does 4843 divide 434107148?
True
Does 71 divide 2983211165?
False
Is 24704531 a multiple of 7?
False
Is 71723880 a multiple of 243?
True
Is 32080780 a multiple of 11?
False
Is 32 a factor of 63889920?
True
Does 11 divide 200513654?
True
Does 13 divide 23101598?
True
Is 120965292 a multiple of 54?
True
Does 211 divide 499837689?
True
Is 2891394678 a multiple of 5867?
False
Is 4828 a factor of 1704245376?
True
Is 240 a factor of 11399983?
False
Is 128 a factor of 40347136?
True
Is 29 a factor of 982436074?
True
Is 28273 a multiple of 21?
False
Is 356573635 a multiple of 113?
False
Does 235 divide 14271139?
False
Is 82 a factor of 672988760?
True
Is 490581472 a multiple of 112?
False
Does 76 divide 620054436?
True
Is 3203211140 a multiple of 360?
False
Does 14 divide 226510329?
False
Is 136 a factor of 148671800?
True
Is 9 a factor of 20506690?
False
Is 38299320 a multiple of 6684?
True
Is 6050617 a multiple of 54?
False
Is 1891488566 a multiple of 231?
False
Is 16 a factor of 125131501?
False
Is 589 a factor of 229966215?
True
Does 2228 divide 577419620?
True
Does 13 divide 230968738?
True
Is 97357019 a multiple of 433?
True
Is 9086208 a multiple of 25?
False
Does 161 divide 296563932?
True
Is 6 a factor of 157400958?
True
Does 29 divide 763953612?
True
Is 16803527 a multiple of 116?
False
Is 659 a factor of 79955811?
True
Does 504 divide 54726191?
False
Is 338 a factor of 850172807?
False
Does 366 divide 317082636?
True
Is 188057189 a multiple of 162?
False
Is 28 a factor of 1984611194?
False
Is 322794322 a multiple of 3089?
True
Is 99 a factor of 268638?
False
Is 13 a factor of 5635793?
False
Is 97 a factor of 1742692009?
True
Is 7 a factor of 661435654?
False
Is 29 a factor of 2003636593?
True
Is 14 a factor of 168316150?
False
Does 1038 divide 1362242136?
True
Does 67 divide 158924469?
True
Does 371 divide 13219538?
False
Is 11 a factor of 18530146?
False
Does 10232 divide 1518189384?
False
Does 2028 divide 170277872?
False
Does 11 divide 288985345?
True
Is 346606152 a multiple of 48?
False
Does 26 divide 3086245864?
True
Is 21 a factor of 202856682?
True
Does 12 divide 276634057?
False
Is 45244160 a multiple of 400?
False
Is 25 a factor of 646883600?
True
Is 78996375 a multiple of 23?
True
Does 10 divide 1550971020?
True
Does 55 divide 18388088?
False
Is 4798797 a multiple of 3?
True
Does 215 divide 499908970?
True
Does 401 divide 24230826?
True
Is 184 a factor of 66331475?
False
Does 87 divide 451970394?
True
Is 10606464 a multiple of 27?
True
Is 8226945 a multiple of 160?
False
Is 93814017 a multiple of 294?
False
Is 309897839 a multiple of 585?
False
Does 29 divide 2138911762?
True
Does 1542 divide 504136854?
True
Does 417 divide 176936019?
True
Does 102 divide 57309695?
False
Is 3289087374 a multiple of 4373?
False
Is 391035248 a multiple of 1555?
False
Is 690992849 a multiple of 7723?
False
Does 12 divide 212112?
True
Is 31 a factor of 362690400?
False
Is 9 a factor of 2881201765?
False
Is 668 a factor of 139418807?
False
Is 16 a factor of 222711792?
True
Is 115 a factor of 54984839?
False
Is 53101775 a multiple of 759?
False
Does 152 divide 566494204?
False
Does 160 divide 71355520?
True
Does 74 divide 380382940?
True
Is 219 a factor of 4749296634?
True
Does 600 divide 10351966?
False
Does 267 divide 275545902?
False
Does 285 divide 305639130?
True
Is 4548 a factor of 3143524255?
False
Is 90 a factor of 72678600?
True
Is 1705 a factor of 645482310?
True
Does 516 divide 124454040?
True
Is 188 a factor of 522364204?
True
Does 11 divide 293946477?
True
Does 3225 divide 156963296?
False
Is 6 a factor of 111867900?
True
Is 1086 a factor of 218878956?
True
Does 2161 divide 8284031?
False
Does 117 divide 396610578?
True
Is 1155688846 a multiple of 166?
True
Is 12 a factor of 1915267648?
False
Is 8457405 a multiple of 33?
True
Does 36 divide 653993689?
False
Is 147 a factor of 7199619?
True
Does 18 divide 1909891890?
True
Is 922630 a multiple of 10?
True
Does 7 divide 826445?
False
Is 117497447 a multiple of 2640?
False
Is 10582398 a multiple of 102?
True
Does 298 divide 314432018?
True
Is 84507216 a multiple of 11?
False
Is 501483840 a multiple of 2288?
True
Does 12 divide 5907816492?
True
Does 38 divide 64661745?
False
Is 61 a factor of 4381996?
True
Does 14 divide 550858302?
False
Is 161732502 a multiple of 18?
True
Does 17 divide 162410146?
True
Is 23 a factor of 23007359?
False
Does 40 divide 454574917?
False
Does 380 divide 122945960?
True
Does 1362 divide 33280470?
True
Is 1639 a factor of 145646457?
True
Is 15 a factor of 156873330?
True
Does 306 divide 79101654?
False
Is 3369 a factor of 1568016825?
True
Is 2181 a factor of 981247167?
True
Is 7858658 a multiple of 311?
False
Is 77 a factor of 10448592?
True
Does 24 divide 110436869?
False
Is 2923 a factor of 244197324?
False
Is 7577607 a multiple of 5?
False
Is 299273006 a multiple of 843?
False
Does 61 divide 3507824?
False
Does 1838 divide 4228738?
False
Does 749 divide 189828349?
False
Is 218 a factor of 201816945?
False
Is 94 a factor of 134558460?
False
Does 170 divide 984965720?
True
Is 129 a factor of 46339251?
True
Does 10 divide 452900623?
False
Is 13 a factor of 1077238725?
False
Is 217 a factor of 4748140544?
True
Is 11 a factor of 144878999?
False
Does 24 divide 2381458?
False
Does 261 divide 10736821?
False
Does 115 divide 22217195?
True
Is 312367965 a multiple of 83?
False
Does 5 divide 53227293?
False
Is 964822341 a multiple of 20?
False
Does 4983 divide 180999269?
False
Is 23395934 a multiple of 54?
False
Does 94 divide 13642795?
False
Does 354 divide 10476984?
True
Is 74098240 a multiple of 3604?
True
Does 612 divide 584598924?
True
Is 1602 a factor of 346783338?
True
Does 7 divide 37105541?
False
Does 495 divide 4025936524?
False
Is 1554 a factor of 71618880?
False
Is 15 a factor of 196891815?
True
Is 1495065 a multiple of 15?
True
Is 6035939 a multiple of 271?
False
Is 14 a factor of 22010534?
True
Does 128 divide 81072256?
True
Is 27167084 a multiple of 13?
False
Is 119605570 a multiple of 665?
True
Does 85 divide 1104562420?
True
Does 60 divide 52248597?
False
Is 7 a factor of 193951408?
True
Does 6 divide 27836814?
True
Does 108 divide 272928852?
True
Is 119 a factor of 149544317?
False
Is 856 a factor of 380779092?
False
Is 77298000 a multiple of 46?
False
Is 4716950 a multiple of 350?
True
Does 32 divide 17386240?
True
Is 251589650 a multiple of 65?
True
Is 51166560 a multiple of 20?
True
Is 84477443 a multiple of 2260?
False
Is 450927444 a multiple of 22?
True
Does 525 divide 28366800?
True
Does 38 divide 32657356?
False
Is 446320918 a multiple of 1035?
False
Does 1194 divide 25676485?
False
Is 42 a factor of 8386623?
False
Does 9 divide 63935055?
True
Is 15132482 a multiple of 46?
True
Does 5101 divide 1014007352?
False
Is 4791724 a multiple of 80?
False
Is 35 a factor of 4126325?
True
Is 24223860 a multiple of 18?
True
Is 27 a factor of 1582537500?
True
Does 12 divide 28172496?
True
Does 96 divide 15256954?
False
Is 374 a factor of 18863438?
True
Does 4314 divide 888515771?
False
Is 210882385 a multiple of 487?
False
Is 87918027 a multiple of 23?
False
Is 1254084513 a multiple of 52?
False
Is 85723680 a multiple of 20?
True
Is 774805202 a multiple of 16?
False
Is 6509653 a multiple of 129?
False
Is 1363 a factor of 2033153025?
True
Is 1105772 a multiple of 4?
True
Is 296 a factor of 39532280?
True
Does 64 divide 7821130?
False
Is 768 a factor of 675264000?
True
Is 9241913 a multiple of 509?
True
Does 5042 divide 343672804?
True
Does 14 divide 932960309?
False
Is 43 a factor of 297215527?
True
Does 12 divide 2081030352?
True
Does 6154 divide 152816128?
True
Does 440 divide 2010235040?
True
Is 101064480 a multiple of 96?
True
Is 510309701 a multiple of 7349?
False
Is 678 a factor of 37838561?
False
Is 5200 a factor of 4208724138?
False
Is 40127020 a multiple of 310?
True
Is 87 a factor of 66816870?
True
Is 8 a factor of 